In base 10, what is -465 + -1?
-466
In base 14, what is -20a - 20?
-22a
In base 14, what is -3 - -4d?
4a
In base 13, what is -14 + -393?
-3a7
In base 9, what is -56 + 10?
-46
In base 6, what is 102 + -10?
52
In base 6, what is 4 - -125?
133
In base 13, what is 1 + -b9?
-b8
In base 16, what is 1 + -115a?
-1159
In base 14, what is 123 - 5?
11c
In base 7, what is 1 + 25?
26
In base 11, what is 1a14 + -1?
1a13
In base 8, what is -13 + 116?
103
In base 5, what is 1 - -2430?
2431
In base 14, what is -4 - -193?
18d
In base 6, what is 0 + 24?
24
In base 5, what is 4 + 43420?
43424
In base 2, what is 10001001 + -100010?
1100111
In base 2, what is -11 + -101101111?
-101110010
In base 14, what is -6 - 5?
-b
In base 4, what is 1 + 2123?
2130
In base 8, what is -17 + -25?
-44
In base 3, what is 10110 - 1?
10102
In base 3, what is -11 - -2?
-2
In base 13, what is -4 - 3?
-7
In base 16, what is 3 + -366?
-363
In base 7, what is 244 - 16?
225
In base 14, what is -167 - -1?
-166
In base 2, what is 110 - -10111010100?
10111011010
In base 5, what is -4443 + 124?
-4314
In base 16, what is -181d + 3?
-181a
In base 2, what is -101 - 11011?
-100000
In base 15, what is -46 + 2a?
-1b
In base 2, what is -100001 + -10011?
-110100
In base 4, what is -3302 + -2?
-3310
In base 11, what is 0 + -28?
-28
In base 2, what is -1000111010 + -11?
-1000111101
In base 8, what is -665 - 4?
-671
In base 4, what is -3330 + 111?
-3213
In base 6, what is -3 - 1531?
-1534
In base 9, what is -16 - 1000?
-1016
In base 12, what is -4 - -1514?
1510
In base 14, what is 3 + 651?
654
In base 7, what is 3 - -12623?
12626
In base 11, what is 20 + 1a?
3a
In base 13, what is 4 - 2124?
-2120
In base 13, what is -86 + -1?
-87
In base 9, what is 5 - -313?
318
In base 6, what is 1 - 22415?
-22414
In base 14, what is a - 77?
-6b
In base 14, what is 0 - a?
-a
In base 4, what is 333 + 223?
1222
In base 16, what is 1 + -11e?
-11d
In base 12, what is -49a - 14?
-4b2
In base 9, what is 0 + 420?
420
In base 16, what is -5ae + -4?
-5b2
In base 6, what is 5 + 1002?
1011
In base 9, what is 4554 + -2?
4552
In base 11, what is -4 + -68?
-71
In base 13, what is 48 + 3?
4b
In base 15, what is 4 - 5e?
-5a
In base 4, what is 11 - -131120?
131131
In base 16, what is 3 + -194?
-191
In base 15, what is -2 - -182?
180
In base 14, what is 2c - 12a?
-dc
In base 13, what is -17 + -375?
-38c
In base 11, what is 2 + -1075?
-1073
In base 12, what is 2b + 91?
100
In base 9, what is -5 - -130?
124
In base 11, what is -183 - a?
-192
In base 4, what is 120330 - -10?
121000
In base 5, what is -223 + -2?
-230
In base 12, what is 5 + -64?
-5b
In base 10, what is 150 - -1?
151
In base 5, what is -400 - -21?
-324
In base 15, what is -2 - 174?
-176
In base 4, what is -2 + -1233110?
-1233112
In base 9, what is -8 - 70?
-78
In base 14, what is -3 + -18?
-1b
In base 8, what is 7 - -213?
222
In base 9, what is -22 + 521?
488
In base 7, what is -3 + 103?
100
In base 8, what is 23 - 2?
21
In base 9, what is 3 - -20?
23
In base 12, what is 0 + -2?
-2
In base 12, what is 0 - -2427?
2427
In base 4, what is 221 - 12000?
-11113
In base 10, what is 13718 - 5?
13713
In base 2, what is 100100 - -1?
100101
In base 2, what is -10 - -10000110110?
10000110100
In base 9, what is -3 + -25?
-28
In base 6, what is 1 + 4140?
4141
In base 12, what is -2 + 387?
385
In base 3, what is 102 + 221021?
221200
In base 2, what is 0 + 1000110?
1000110
In base 2, what is -11000 - -1101?
-1011
In base 10, what is -11 - -49?
38
In base 3, what is -220101 + -12?
-220120
In base 13, what is -4 - -16?
12
In base 3, what is -12 - 20222211?
-21000000
In base 9, what is 0 - 24?
-24
In base 6, what is -145 - 1?
-150
In base 12, what is -6 - -258?
252
In base 11, what is -85 - -5?
-80
In base 9, what is -3 + -82?
-85
In base 11, what is -a + -26a?
-279
In base 3, what is 102 - 12010?
-11201
In base 2, what is 101010 + -11010?
10000
In base 2, what is 10 - -10100010101?
10100010111
In base 14, what is -220 - 5?
-225
In base 15, what is -a + -19?
-24
In base 8, what is 1 + -26?
-25
In base 9, what is 242 - -172?
424
In base 6, what is -3 - -123?
120
In base 10, what is -3 - -5?
2
In base 7, what is 256 + -130?
126
In base 2, what is -100 + 10100100?
10100000
In base 6, what is -1 - 13235?
-13240
In base 6, what is -143 + 1033?
450
In base 8, what is 1 - -10630?
10631
In base 8, what is -21445 - -2?
-21443
In base 12, what is -439 - -14?
-425
In base 8, what is -530 + 5?
-523
In base 10, what is 240 - -1?
241
In base 16, what is 19 + -39?
-20
In base 3, what is 2 - -22?
101
In base 5, what is 2203 + 13?
2221
In base 5, what is -1 - -24023?
24022
In base 8, what is 14 + -4404?
-4370
In base 12, what is 12 - 8?
6
In base 4, what is 10 + 102131?
102201
In base 6, what is 31 + 24?
55
In base 14, what is -2 - -7a?
78
In base 2, what is 101001 - 111011?
-10010
In base 3, what is -12011211 + 10?
-12011201
In base 5, what is 140 + 23?
213
In base 3, what is -11 + -1210?
-1221
In base 10, what is 6 - 75?
-69
In base 13, what is 1 + 55?
56
In base 3, what is -2 - 2?
-11
In base 8, what is -13236 + -5?
-13243
In base 5, what is -1124 - -3?
-1121
In base 2, what is 1 - -10111111011?
10111111100
In base 12, what is 210 + -11?
1bb
In base 13, what is 11c - 4?
118
In base 15, what is -573 + -3?
-576
In base 4, what is -2030 + -10?
-2100
In base 6, what is -1442 + -2?
-1444
In base 16, what is -4 + -15?
-19
In base 10, what is -977 - -3?
-974
In base 6, what is 112133 + -4?
112125
In base 8, what is 2 + -127?
-125
In base 2, what is 1110 - 111?
111
In base 5, what is -30 - -1041?
1011
In base 13, what is -267 - -3?
-264
In base 14, what is -26 - 3?
-29
In base 6, what is -31 + -13?
-44
In base 12, what is 0 + 2bb7?
2bb7
In base 14, what is -2 - -d49?
d47
In base 11, what is -4 + 30?
27
In base 11, what is 71 + -17?
55
In base 8, what is 36 + 126?
164
In base 10, what is -3 - -285?
282
In base 14, what is -11 + -65?
-76
In base 5, what is -111 + -434?
-1100
In base 4, what is -31 - -11?
-20
In base 9, what is 2 - 547?
-545
In base 15, what is -1 - 5?
-6
In base 4, what is 0 + -2022?
-2022
In base 7, what is -403 - -1?
-402
In base 6, what is -2 + 1201?
1155
In base 10, what is -11 + 20?
9
In base 12, what is -a + 1ba?
1b0
In base 16, what is 3d - -8e?
cb
In base 3, what is -10 - 1210?
-1220
In base 11, what is 202 + 1?
203
In base 7, what is 5 + 661?
666
In base 9, what is 1300 + -8?
1281
In base 9, what is 5 + 43?
48
In base 9, what is -4 + 10023?
10018
In base 2, what is 110011010 - -1101?
110100111
In base 14, what is -17c + 0?
-17c
In base 14, what is 223 + 3?
226
In base 4, what is -131 + -131?
-322
In base 6, what is 10 + 23?
33
In base 9, what is -42 - -38?
-3
In base 15, what is -14 + 37?
23
In base 6, what is 32 - -1?
33
In base 14, what is -197 - -3?
-194
In base 4, what is 10 - -3302?
3312
In base 5, what is 2 - -101?
103
In base 12, what is 79 - -7?
84
In base 10, what is 371 + -3?
368
In base 4, what is 33213 - 2?
33211
In base 3, what is -102111 - -2?
-102102
In base 12, what is -4 - -18?
14
In base 2, what is -101100 + -11?
-101111
In base 13, what is -46 + 5?
-41
In base 16, what is -13 - 167?
-17a
In base 4, what is -3 + -122032?
-122101
In base 11, what is -1 + -33?
-34
In base 8, what is -172 + 6?
-164
In base 4, what is 331003 + -11?
330332
In base 10, what is -3 - 422?
-425
In base 16, what is 1 - 134?
-133
In base 7, what is -106 + 6?
-100
In base 6, what is 0 + 23?
23
In base 2, what is 100 - -10001110?
10010010
In base 2, what is 10100 - 10011100?
-10001000
In base 13, what is 2 + 15cb?
1600
In base 5, what is -211 - -121?
-40
In base 7, what is 4 + 23?
30
In base 16, what is 5 - aa?
-a5
In base 11, what is 4 - -39?
42
In base 10, what is -16 - -9?
-7
In base 8, what is -4 - 66?
-72
In base 12, what is 2 + -67?
-65
In base 3, what is -1 + 1002?
1001
In base 8, what is 2 + -233?
-231
In base 16, what is -3 - 26?
-29
In base 16, what is 9f9 - -3?
9fc
In base 6, what is -251 - 42?
-333
In base 6, what is -222 + -2?
-224
In base 6, what is 3 + -1454?
-1451
In base 8, what is 0 - 3236?
-3236
In base 4, what is 2103023 - 11?
2103012
In base 14, what is 0 - ac?
-ac
In base 16, what is -2cb - -2?
-2c9
In base 8, what is 1 + -10034?
-10033
In base 9, what is 0 - -470?
470
In base 1